, 3*o + 2*c = 16 + 13. What is the remainder when 33 is divided by o?
5
Let d = -36 + 22. Let g = 30 + d. Suppose 2*m = 137 - 43. What is the remainder when m is divided by g?
15
Suppose 0*z - 4*y = 2*z - 52, 0 = -z + y + 17. What is the remainder when 77 is divided by z?
17
Suppose -2*s = -1 + 9. Let l be 9/3 + -6 - s. What is the remainder when 4 is divided by 1 + -2*l/(-2)?
0
Suppose 0 = 4*n - 0*n - 128. Calculate the remainder when n is divided by 7.
4
Suppose u + 3*u = -3*t + 15, 4*u = -t + 13. Calculate the remainder when (1/2)/((-2)/(-16)) is divided by u.
1
Suppose -16*x + 13*x + 57 = 0. What is the remainder when x is divided by 5?
4
Suppose 29 - 51 = -2*v. What is the remainder when 40 is divided by v?
7
Suppose -594 = -21*g + 3*g. Calculate the remainder when g is divided by 4.
1
Suppose q - 811 = -84. Suppose -q = -3*u - 202. Suppose 5*s = -0*s + u. Calculate the remainder when s is divided by 12.
11
Let b(p) = -p**2 - 4 - 2*p**2 + 5*p**2 - p**2. Calculate the remainder when b(3) is divided by 3.
2
Let y = 88 - 38. What is the remainder when y is divided by 13?
11
Suppose s = 5*h - 2*s - 247, 3*h + 3*s = 153. Let m(p) = 3*p**3 - 3*p**2 + p + 3. Calculate the remainder when h is divided by m(2).
16
Let k = -28 - -47. What is the remainder when 36 is divided by k?
17
Let m(n) = n**2 + 13*n + 5. Calculate the remainder when 32 is divided by m(-13).
2
Let l = 62 + -144. Let v = l + 211. Let o = v + -77. Calculate the remainder when o is divided by 18.
16
Let c = 124 - 82. What is the remainder when c is divided by 26?
16
Suppose -2*a + 3*a - 12 = -2*j, 2*j - 30 = -4*a. What is the remainder when 26 is divided by (-1 - (0 - 2)) + a?
5
What is the remainder when (-2 + (-72)/(-20))*10 is divided by 9?
7
Let j(f) = f. Let b be j(-9). Let i = b + 9. Suppose i*o + 6 = o. Calculate the remainder when 9 is divided by o.
3
Suppose -2*f + y + 16 = 0, -2*y + 26 = 5*f - y. Suppose 3*o = 19 - 4. Calculate the remainder when o is divided by ((-8)/f)/((-12)/36).
1
Suppose 41 = 4*q - 91. Calculate the remainder when 63/2*(-6)/(-3) is divided by q.
30
Let x(n) = 5*n - 9*n**2 + n + 0*n - 2 + 2*n - n**3. Suppose 5*q + 48 = -2*z, 25 = 5*q + 3*z + 72. What is the remainder when x(q) is divided by 10?
8
Let y = 12 + 46. Let h = -26 + y. What is the remainder when h is divided by 11?
10
Suppose 0 = -10*a + 12*a - 36. Let w = 7 + a. Calculate the remainder when 97 is divided by w.
22
Let a(q) = -q**3 - 6*q**2 - 8*q - 12. What is the remainder when a(-7) is divided by 32?
29
Let y = -9 + 13. Suppose 2*n - y*n + 56 = 0. Calculate the remainder when n is divided by (-2*3)/((-15)/25).
8
Suppose -4*g - 64 = -6*g. What is the remainder when g is divided by 22?
10
Suppose 2*a + 1 - 10 = 3*w, -3*a = 4*w - 5. What is the remainder when a is divided by 1?
0
Suppose 4*y - 152 - 132 = 0. Suppose -y = -3*f + 2*x, -f - 2*f - 5*x = -64. Suppose 2*k + 2*k = 32. Calculate the remainder when f is divided by k.
7
Let b(x) = 32*x**2 + 8*x - 26. Calculate the remainder when b(3) is divided by 32.
30
Suppose 58 = s - 4*r, r = -5*s - 2*r + 244. Suppose -5*d - s = -4*p, -p + 12 = -3*d + 2*d. Calculate the remainder when 24/(-10)*45/(-6) is divided by p.
8
Let u = -28 - -162. Calculate the remainder when u is divided by 9.
8
Let m(n) = -4 + 12*n**2 + 6 - 2. Calculate the remainder when 23 is divided by m(-1).
11
Let n be (-2)/(-7) + 94/14. Let a(y) = -y + 8. Let x be a(n). Calculate the remainder when 4 is divided by (1 - (-3 - -2))*x.
0
Let s(q) = 10*q + 58. What is the remainder when s(11) is divided by 19?
16
Let n = 41 + -35. Calculate the remainder when 23 is divided by n.
5
Let o = 32 - 28. Let c = -5 + 11. Let d(j) = j**2 - 5*j + 1. Calculate the remainder when d(c) is divided by o.
3
Let h(z) = -z**2 + 16*z - 23. Calculate the remainder when h(9) is divided by 11.
7
Let z = -1 + 3. Let g = 9 - z. Calculate the remainder when 11 is divided by g.
4
Suppose 2*c - 6*w = -4*w + 28, 2*c = w + 31. Suppose -l = x + 2*l, -5*x - l = -42. What is the remainder when c is divided by x?
8
Let o(t) = -2*t + 49. Calculate the remainder when -11*(1 + -3 - -1) is divided by o(23).
2
Suppose 5*t - 1 = 9. Let d = 7 + -5. Suppose -w + t*n + 5 = -2*n, -4*n = d*w - 34. Calculate the remainder when 51 is divided by w.
12
Let n(b) = b**3 - 14*b**2 - 15*b + 20. What is the remainder when 31 is divided by n(15)?
11
What is the remainder when (-22*(-1)/(-8))/((-1)/48) is divided by 34?
30
Let q(a) = -a**2 - 1. Let c = 0 - -1. Let k(i) = -i**3 - i**2 + i + 15. Let t(w) = c*k(w) - 2*q(w). Calculate the remainder when t(0) is divided by 9.
8
Let a = -69 + 81. Calculate the remainder when 22 is divided by a.
10
Let z = -5 + 10. Let i(s) = 2*s**2 - 3*s - 3. Calculate the remainder when i(z) is divided by 17.
15
Let o = 168 + -17. Calculate the remainder when o is divided by 38.
37
Let u(o) be the first derivative of -o**3/3 + 7*o**2 - 5*o - 5. What is the remainder when 15 is divided by u(13)?
7
Let n(j) = j**2 - 2*j - 1. Let q(u) = 2*u**2 - 3*u - 2. Let o(t) = 9*n(t) - 4*q(t). Calculate the remainder when o(9) is divided by 9.
8
Let k(s) = -s**3 + 5*s**2 - 4*s - 4. Let z be k(4). Let l(i) = -i**3 - 4*i**2 - i + 5. Calculate the remainder when z + 2 + (-1 - -27) is divided by l(-4).
6
Suppose 5*c - 2*z = 3*z - 20, 2*c + 2*z = 0. Calculate the remainder when (111/(-6) + 3)*c is divided by 11.
9
Let t(z) = z**3 - z**2 - z + 5. What is the remainder when 38 is divided by t(3)?
18
Suppose 2*u = -0*u + 182. Calculate the remainder when u is divided by 19.
15
Calculate the remainder when 74 is divided by (-117)/(-12)*16/6.
22
Let d(y) = y**2 - 4*y - 3. Let o be d(5). Let k = 10 + o. Calculate the remainder when 23 is divided by k.
11
Let k = -1 + 2. Let u(z) = z**2 + 5*z + 6. Let a be u(-4). Suppose 3*g + 4 = 13, -2 = a*m - 2*g. What is the remainder when m is divided by k?
0
Suppose 12 = -0*x + 3*x. Suppose -60 = x*t - 7*t. Suppose -t = -3*c - c. What is the remainder when 13 is divided by c?
3
Let v = 116 - 43. What is the remainder when v is divided by 15?
13
Suppose 2*u + 3*p + 0*p = 19, -p = -5. Let c(j) = -2*j**2 + 5 - 4 + 2*j + 6*j**3 - 4*j. What is the remainder when c(u) is divided by 13?
11
Suppose o + 4*q = 1, 4*o - 109 = 5*q - 0*q. Let f(i) = 3*i - 1. Let u be f(1). Suppose u*d - 164 = -2*d. What is the remainder when d is divided by o?
20
Let o = 119 + -97. Calculate the remainder when o is divided by 10/3*18/5.
10
Let n = -6 + 19. Let r(q) = -16*q - 12. Let x be r(-7). Suppose 0 = 7*z - 3*z - x. What is the remainder when z is divided by n?
12
Let x = -57 - -65. Suppose -2*n = n - 63. Calculate the remainder when n is divided by x.
5
Let j = -6 - -8. Let i = 3 - j. Suppose -c - i = -4. What is the remainder when 8 is divided by c?
2
Let w = 5 + -1. Suppose 3*i - w*u - 77 = 0, 3*u - 56 = -4*i - u. Suppose -5*j + 30 = -2*j. Calculate the remainder when i is divided by j.
9
What is the remainder when 137 is divided by 18 - (-3 + 16/4) - -3?
17
Suppose -3*f + 2 + 5 = -q, 0 = -2*q + 3*f - 5. What is the remainder when 24 is divided by ((-78)/12)/((-1)/q)?
11
Suppose 0*h + 10 = 5*h. Let n = 18 - h. Calculate the remainder when 47 is divided by n.
15
Suppose -q + 7 + 10 = 0. Let j(x) = 4*x**2 - x - 2. Calculate the remainder when j(3) is divided by q.
14
Let u(j) = -j**3 + 7*j**2 - 5*j + 1. Let s be u(4). Let g = s - 18. Calculate the remainder when 43 is divided by g.
10
Let y(h) = h - 2. Let l be y(2). Suppose 0 = 3*j - 14 - 1. Suppose -j*f = -w + 4, -4*f = w - l*w - 4. Calculate the remainder when 6 is divided by w.
2
Let n = 26 - 0. Suppose -2*z = -i - i + n, 3*z = -3*i + 21. Calculate the remainder when i is divided by 6.
4
Let l = 3 - 0. Suppose -l*b + 17 + 19 = 0. Calculate the remainder when 34 is divided by b.
10
Let i(p) = -p**2 - 19*p + 22. What is the remainder when i(-17) is divided by 10?
6
Let y = -27 + 29. What is the remainder when 8 is divided by y?
0
Let l(a) = -5*a + 2. Let s(z) = -z**3 - 2*z**2 + 4*z. Let n be s(-3). Calculate the remainder when 50 is divided by l(n).
16
Let t = -5 + 48. Suppose 3*b - 53 = 2*x, -2*x - 16 - 7 = -b. Calculate the remainder when t is divided by b.
13
What is the remainder when 38 is divided by 6/4*(55/15 - -5)?
12
Let n be ((-16)/(-40))/((-1)/(-15)). 